+ 52*b + 9. Determine t(9).
153
Let p(w) = -94*w - 85. Determine p(-4).
291
Let f(r) = r**2 - 520*r - 5325. Give f(-10).
-25
Let m(h) = h**2 + 61*h + 387. Calculate m(-52).
-81
Let t(u) = u**3 - 241*u**2 + 2088*u + 5. Give t(232).
5
Let x(m) = -m**3 - 10*m**2 + 19*m - 20. Calculate x(-11).
-108
Let m(z) = -6*z**2 - 565*z + 472. What is m(-95)?
-3
Let d(c) = -40*c - 828. What is d(-21)?
12
Let w(y) = -8*y**2 - 153*y - 1. Calculate w(-19).
18
Let w(m) = -41*m + 49. What is w(3)?
-74
Let j(k) = k**3 - 33*k**2 - 240*k - 12. What is j(39)?
-246
Let b(i) = -6*i + 79. Calculate b(11).
13
Let u(i) = -i**3 + 222*i**2 + 449*i - 245. Determine u(224).
-21
Let p(g) = 168*g + 168. What is p(-1)?
0
Let u(c) = 13*c**3 - 10*c**2 + 12*c + 25. Determine u(3).
322
Let m(l) = -l**3 + 29*l**2 - 299*l + 7580. Give m(28).
-8
Let n(h) = 2*h**3 + 19*h**2 - 25*h + 29. Determine n(-11).
-59
Let i(w) = w**3 - 13*w**2 - 29*w + 29. Calculate i(15).
44
Let r(d) = 6*d**3 + 9*d**2 + 1. Give r(-1).
4
Let h(q) = -q**3 + 31*q**2 - 7*q + 173. What is h(31)?
-44
Let q(c) = 2748*c - 85196. Calculate q(31).
-8
Let q(s) = 249*s - 19947. Give q(80).
-27
Let x(i) = -44*i**2 - 59*i - 252. Give x(-4).
-720
Let l(j) = -166*j - 8463. Calculate l(-51).
3
Let q(y) = 593*y + 3567. Determine q(-6).
9
Let a(s) = 817*s - 2452. Give a(3).
-1
Let u(f) = -f**2 + 120*f - 897. What is u(112)?
-1
Let a(d) = -175*d + 836. Calculate a(5).
-39
Let g(z) = 3*z - 107. Give g(9).
-80
Let x(m) = 3*m**3 + 15*m**2 + 8*m - 21. What is x(-5)?
-61
Let w(l) = -11*l + 914. What is w(52)?
342
Let k(u) = -2*u**3 - 89*u**2 + 44*u - 60. What is k(-45)?
-15
Let k(r) = -89*r - 1706. What is k(-19)?
-15
Let v(a) = 2*a**2 - 5*a - 13. Give v(-6).
89
Let x(h) = h**3 + 17*h**2 - 32*h - 68. Determine x(-17).
476
Let h(t) = -t**3 + 8*t**2 - 31*t - 1. Calculate h(4).
-61
Let g(w) = w**3 + 35*w**2 + 72*w - 1. Calculate g(-33).
-199
Let r(p) = -3*p**2 + 71*p + 13. What is r(24)?
-11
Let o(q) = -74*q**3 + 2*q**2 - 3*q + 2. Calculate o(1).
-73
Let f(g) = g**2 + 18*g - 40. What is f(-22)?
48
Let l(x) = x**2 + 85*x + 794. Give l(-11).
-20
Let v(c) = -c**3 + 39*c**2 - 127*c + 561. Calculate v(36).
-123
Let v(h) = 4*h + 76. Give v(-8).
44
Let c(h) = 1663*h + 13295. Calculate c(-8).
-9
Let q(s) = -s**2 - 570*s - 2284. Calculate q(-4).
-20
Let t(x) = -3*x**3 - 6*x**2 - 15*x + 8. Give t(-4).
164
Let a(m) = 127*m + 113. Determine a(-2).
-141
Let s(r) = -r**2 + 25004*r - 124998. Give s(5).
-3
Let c(b) = b**3 - 13*b**2 + 3*b + 19. Give c(12).
-89
Let f(g) = 4*g**3 - 11*g**2 + 20*g + 6. What is f(3)?
75
Let b(p) = -70*p + 1547. Give b(22).
7
Let a(u) = -4*u**2 + 81*u - 365. Give a(7).
6
Let b(s) = s**2 - 38*s - 538. Determine b(-12).
62
Let i(s) = -24*s - 3456. Give i(-148).
96
Let l(i) = i**3 - 47*i**2 - 94*i - 162. Determine l(49).
34
Let s(w) = -w**3 + 5*w**2 - 17*w + 61. What is s(4)?
9
Let q(n) = 2*n**3 + 25*n**2 - 7*n - 13. Give q(-13).
-91
Let q(z) = -z**2 - 35*z + 886. Give q(17).
2
Let c(t) = 4*t**2 - 112*t + 617. Determine c(8).
-23
Let o(w) = -w**3 + 7*w**2 + 119*w - 15. What is o(-8)?
-7
Let f(k) = -2*k**3 + 7*k**2 - 9*k + 7. Determine f(5).
-113
Let b(u) = 7*u + 496. What is b(-78)?
-50
Let b(i) = 4*i**2 - 62*i - 108. Give b(18).
72
Let u(c) = c**3 - 17*c**2 + 30*c + 6. Determine u(15).
6
Let h(b) = 19*b**2 - 571*b + 60. Give h(30).
30
Let s(m) = -m**3 - 121*m**2 - 3*m - 379. Calculate s(-121).
-16
Let b(q) = 6*q**3 + 44*q**2 - 89*q + 3. What is b(2)?
49
Let i(w) = w**3 + 15*w**2 + w + 222. Calculate i(-16).
-50
Let c(w) = -7*w + 71. Give c(8).
15
Let j(k) = -2*k**2 - 36*k + 892. Calculate j(-32).
-4
Let p(w) = -72*w + 2942. Determine p(41).
-10
Let v(n) = 1298*n + 2576. Give v(-2).
-20
Let c(j) = 93*j + 452. Calculate c(-5).
-13
Let p(s) = -7*s**2 + 86*s + 17. Determine p(15).
-268
Let k(i) = 38*i**2 - 2*i + 1. Calculate k(-1).
41
Let y(j) = 6*j**2 + 2*j + 4. Determine y(-1).
8
Let t(s) = 92*s + 855. Give t(-9).
27
Let k(p) = -p**2 + 56*p - 767. What is k(20)?
-47
Let x(l) = -965*l + 10617. Calculate x(11).
2
Let f(v) = v**3 - 23*v**2 + 84*v - 1365. Calculate f(22).
-1
Let k(q) = 493*q + 11826. Determine k(-24).
-6
Let w(a) = -39*a - 1673. What is w(-43)?
4
Let d(p) = p**3 + 3*p**2. Calculate d(2).
20
Let s(h) = h**3 + 5*h**2 + 121*h - 619. What is s(4)?
9
Let y(d) = -2*d**2 + 27*d - 26. Give y(12).
10
Let n(r) = r**2 + 529*r - 2673. Calculate n(5).
-3
Let r(z) = z**2 + 42*z + 53. Determine r(-41).
12
Let z(f) = 4*f**2 - 39*f - 23. Determine z(10).
-13
Let i(v) = -2*v**3 + 14*v**2 - 11*v - 1. Determine i(8).
-217
Let v(f) = -3*f**3 - 196*f**2 + 132*f - 26. What is v(-66)?
-26
Let i(x) = -8*x**2 + 9*x + 9. Give i(-5).
-236
Let f(d) = d**2 + 28*d - 54. Give f(-29).
-25
Let q(x) = x**3 + 63*x**2 + 96*x + 10237. Give q(-64).
-3
Let k(l) = -65*l + 1024. Determine k(16).
-16
Let s(k) = -k**3 + 6*k**2 + 10*k + 10. What is s(6)?
70
Let p(k) = 208*k - 8687. Give p(42).
49
Let q(y) = y**3 + 23*y**2 - 27*y - 1. Determine q(-24).
71
Let p(d) = -943*d - 5682. Calculate p(-6).
-24
Let k(m) = -m**3 + 28*m**2 - 169*m - 51. Determine k(10).
59
Let c(n) = n**2 + 36*n + 214. Give c(-28).
-10
Let c(p) = -13*p + 42. What is c(5)?
-23
Let b(i) = -i**3 + 78*i**2 - 898*i + 124. What is b(64)?
-4
Let f(s) = -4*s**2 + 35*s - 118. Calculate f(5).
-43
Let y(x) = 2*x**2 + 18*x - 140. Determine y(-18).
184
Let k(z) = -29*z**2 + z - 37. Give k(2).
-151
Let g(l) = -46*l + 1234. What is g(27)?
-8
Let c(j) = -11*j**2 - 226*j - 62. Determine c(-22).
-414
Let a(g) = -g**3 - 12*g**2 + 130*g + 425. Give a(-18).
29
Let v(z) = z**2 - 66*z - 117. Give v(69).
90
Let w(p) = p**3 - 19*p**2 - 30*p + 123. Determine w(20).
-77
Let o(z) = 96*z**2 - 28994*z + 595. Calculate o(302).
-9
Let j(h) = h**2 - 158*h + 1. Calculate j(0).
1
Let s(n) = n**3 - 30*n**2 + 30*n + 34. What is s(29)?
63
Let w(p) = 2*p**3 + 68*p**2 + 125*p - 32. What is w(-32)?
64
Let j(m) = m**3 + 9*m**2 - 46*m - 611. Calculate j(-9).
-197
Let v(g) = 2*g**2 + 404*g - 2054. Give v(5).
16
Let a(v) = 5*v**3 + 56*v**2 - 110*v - 746. Give a(-12).
-2
Let x(g) = -g**2 - 23*g + 364. Determine x(12).
-56
Let a(v) = -3*v**3 + 10*v**2 - 3*v - 6. What is a(3)?
-6
Let y(t) = t**3 - 8*t**2 + 15*t - 72. Calculate y(6).
-54
Let u(a) = -2*a**3 + 11*a**2 + 19*a - 85. Determine u(6).
-7
Let s(u) = -u**3 - 36*u**2 - 79*u + 137. Give s(-33).
-523
Let f(o) = 11*o**2 + 279*o + 317. Determine f(-24).
-43
Let w(c) = 53*c + 595. Determine w(-12).
-41
Let h(z) = 306*z - 11429. Give h(37).
-107
Let u(c) = -c**2 + 29*c - 138. Calculate u(20).
42
Let g(i) = -4*i**2 - 4*i - 3. Determine g(-2).
-11
Let y(j) = 7*j**2 - 425*j - 129. What is y(61)?
-7
Let i(r) = r**2 - 39*r - 882. What is i(54)?
-72
Let f(w) = w**3 - 17*w**2 - 17*w - 31. What is f(18)?
-13
Let b(p) = 32*p**2 + 12*p - 10. Calculate b(1).
34
Let l(m) = -25*m + 1004. Calculate l(46).
-146
Let q(h) = -113*h - 45. Calculate q(0).
-45
Let t(u) = -253*u - 237. Determine t(-1).
16
Let b(y) = -3*y**3 + 23*y**2 - 1117*y + 7723. What is b(7)?
2
Let r(a) = -6*a**2 - 669*a + 1702. Give r(-114).
-8
Let h(z) = -z**3 - 34*z**2 + 12*z - 66. Determine h(-34).
-474
Let x(t) = 5*t**2 - 28*t - 105. What is x(-3)?
24
Let i(c) = -14*c - 389. Calculate i(-27).
-11
Let w(p) = -p**2 - 48*p + 455. Determine w(8).
7
Let c(a) = 630*a + 5664. What is c(-9)?
-6
Let g(n) = n**3 + 2*n**2 + 206*n - 906. Give g(4).
14
Let d(n) = n**3 - n**2 - 22*n + 16. What is d(-5)?
-24
Let l(c) = 4*c**2 + 21*c + 113. Give l(-6).
131
Let o(k) = 2*k**3 + 82*k**2 + 98*k - 87. Determine o(-40).
-807
Let j(o) = 588*o - 139362. Give j(237).
-6
Let l(m) = -33*m - 1283. Give l(-39).
4
Let m(i) = 6*i**2 + 706*i - 228. What is m(-118)?
8
Let i(r) = -r**3 + 32*r**2 + 141*r + 34. What is i(36)?
-74
Let f(g) = -35*g**2 + 2439*g + 770. Determine f(70).
0
Let l(b) = -b**3 - 9*b**2 + 24*b + 32. Determine l(-10).
-108
Let d(n) = 119*n**2 - 34511*n + 292. Give d(290).
2
Let v(x) = -x**2 - 79*x - 802. Determine v(-11).
-54
Let z(b) = b**3 - 32*b**2 - 105*b - 46. Give z(35).
-46
Let z(s) = 2*s**3 + 107*s**2 + 44*s - 115. Give z(-53).
362
Let i(t) = 17*t + 390. Give i(-23).
-1
Let b(h) = -h**3 - 23*h**2 + 35*h + 798. What is b(-23)?
-7
Let p(q) = -63*q**2 + 11*q - 3. Calculate p(2).
-233
Let t(q) = -q**3 + 9*q**2 + 91*q - 579. Give t(7).
156
L